 28?
28
Suppose -2*t + 7*t - 20 = 0. Suppose -t*r + 5 = 1. What is the greatest common factor of r and 11?
1
Let k be (1 - 565/(-20))*8. What is the highest common factor of k and 18?
18
Suppose 7 = h - 11. Calculate the greatest common factor of 198 and h.
18
Suppose 0 = 2*y + y - 42. Let i be 0 + y*(-15)/(-6). What is the highest common factor of i and 7?
7
Suppose 0 = 2*f - 4*l - 16, 40 = 3*f - 5*l + 12. Let z = 4 + f. Let b(y) = 51*y**2 - 2*y + 1. Let u be b(1). Calculate the greatest common factor of u and z.
10
Suppose -165 = -5*b + 115. What is the greatest common factor of 14 and b?
14
Let j be 2 - -1 - (2 - -7). Let d = 8 + j. Suppose d + 2 = 2*w. What is the highest common divisor of w and 1?
1
Suppose 2*f - 88 = 72. What is the greatest common divisor of 10 and f?
10
Let f(a) = a + 24. Let k be f(0). Let r = 20 - 12. Suppose -4*c + r*c - 32 = 0. What is the greatest common divisor of k and c?
8
Suppose -4*s = -2*v - 1 - 3, -v = -5*s + 2. Suppose -3*y = -s*y + 18. Let k = y + 141. What is the highest common divisor of k and 15?
15
Let i = 0 + 0. Let u be 4 + i*(1 + 0). Suppose -4*d - 166 = -r, -604 = -u*r - 4*d - 0*d. Calculate the greatest common divisor of 14 and r.
14
Suppose -5*s + 10 = d, s - 110 = -5*d + 6*s. Suppose -15 = -g - 2*g. Suppose g*k = 2*k + 30. Calculate the highest common divisor of d and k.
10
Suppose t - 6*t - 58 = -4*s, 0 = s - t - 14. Suppose -4*j = 88 + 84. Let f = j + 91. What is the highest common divisor of f and s?
12
Let d be (-23)/(-7) - 4/14. Suppose 0 = 2*k - d - 1. Suppose 36 = k*o - 34. Calculate the greatest common divisor of 7 and o.
7
Let a = 300 + -80. Let o = -24 + a. Calculate the greatest common factor of 28 and o.
28
Let p = 20 + -32. Let a = p + 20. What is the highest common factor of 56 and a?
8
Suppose -4*n - u = -5*u, -2*u + 4 = 0. Suppose -9*l - g + 16 = -5*l, -4*g = -l - 13. Suppose 5*w - l - 2 = 0. What is the greatest common divisor of n and w?
1
Let o(v) = -v - 7. Let r be o(-11). Suppose 2*b - 12 = -r. Let n be 2*(-2)/b + 85. Calculate the greatest common factor of 12 and n.
12
Suppose 3*x = x - 3*g + 36, 3*x - 48 = -3*g. Let o = 4 + 0. Suppose 3*i - o*i = -96. What is the highest common factor of i and x?
12
Let v be (1 + (-6 - -1))/1. Let y be 6/v*(-2)/3. What is the greatest common factor of 11 and y?
1
Let o(z) = z**2 + 7*z - 8. Let t be o(-10). What is the greatest common factor of t and 154?
22
Let m(p) = 2*p**2 + p**2 + 0*p**2 + p + 2*p. Let o be m(-2). What is the highest common divisor of o and 24?
6
Suppose -5*s - 24 = -3*a, -a = -6*a - 4*s + 3. Suppose a*p + 0*p = -3. Let t be (3*p)/(3/(-9)). Calculate the highest common factor of 1 and t.
1
Suppose -4*v - 2*g - 56 = -198, 4*v + 4*g - 148 = 0. What is the highest common factor of v and 51?
17
Let l be 0 + 2 + -1 + 70/2. What is the highest common factor of 4 and l?
4
Let d(f) = 8*f**3 + 4. Let i be d(2). What is the greatest common factor of 17 and i?
17
Let c(k) = 4 - 1 + k**2 - 8*k**2 + 6*k + k**3. Let u be c(6). Let g be (-8)/12 + 47/u. What is the highest common factor of 45 and g?
15
Suppose 3*d - 4*t + 10 = 0, 5*d + 2*t = 7*t - 10. Let s be d/(-9)*3*-6. Calculate the highest common divisor of s and 12.
4
Let o = -1 + 1. Suppose -64 = -4*i - 4*b, -2*i + 56 = -o*i - 4*b. Calculate the highest common divisor of 10 and i.
10
Let s(g) = 11*g**2 + 7*g - 4. Let o(b) = -11*b**2 - 8*b + 5. Let a(n) = 6*o(n) + 7*s(n). Let d be a(2). Calculate the greatest common divisor of 6 and d.
6
Suppose -f + 30 = i, -3*i + 5*f = -6*i + 96. What is the highest common divisor of i and 54?
27
Suppose 0*t + 4*t + 5*r - 355 = 0, 3*r - 175 = -2*t. Let n = 20 + -1. Calculate the greatest common divisor of t and n.
19
Let i be (-207)/(-18) + (5/2 - 2). Let a = 20 + 10. Calculate the greatest common factor of a and i.
6
Let i be 2/(-5) - 1/(30/(-402)). Let x = 7 + 0. Let q = 20 - x. What is the greatest common divisor of q and i?
13
Let o(g) be the first derivative of g**3/3 - 7*g**2/2 + 5*g + 1. Let w be o(8). Let j = 200 - 96. Calculate the greatest common factor of w and j.
13
Let w(n) = 2*n + 1. Let u be w(4). What is the highest common divisor of u and 9?
9
Let w be -2 - (-6 - -6) - -82. Let d(f) = -4*f - 2. Let p be d(-3). Calculate the highest common divisor of p and w.
10
Suppose 2*f + j = 45, 0 = 4*f - f - 5*j - 87. Let c be 3*9*(-7)/(-1). Suppose 51 = 2*x - c. What is the highest common divisor of f and x?
24
Let t(s) = 5*s + 19. Let k be t(7). Suppose -k = -3*o + 3*h, 3*h + 92 = 5*o - h. Calculate the greatest common factor of 30 and o.
10
Suppose 0 = -5*g - x - 53, 0*g - 3*g + 5*x = 15. Let r = g - -11. Calculate the greatest common factor of 4 and r.
1
Let x(z) = 7*z + 24. Let b be x(18). Calculate the greatest common factor of 15 and b.
15
Let t = 4 - -32. Calculate the greatest common factor of t and 90.
18
Let v be 4/22 + 24/(-11). Let w be ((-4)/(-2))/v - -28. Calculate the highest common divisor of 9 and w.
9
Suppose -5*b + 75 = -3*o, 0*b = -5*b + o + 75. Let p be -1 + 4 - 9/(-3). What is the greatest common factor of b and p?
3
Let q = 2 + 1. Let d = q - -5. Calculate the highest common divisor of d and 16.
8
Suppose 10 = 4*q - 2*a, -2*a - 8 + 26 = 3*q. Let x be 6/q*24/3. Suppose -6*w - 58 = -5*b - 8*w, -4*b + 45 = 3*w. What is the greatest common factor of x and b?
12
Suppose -52 = -0*m - 4*m. What is the highest common divisor of m and 13?
13
Let g = 132 - 6. Calculate the greatest common factor of 14 and g.
14
Let b(g) = -g + 112. Let x be b(0). Let j be 9/3 + -1*29. Let a = -12 - j. Calculate the highest common divisor of x and a.
14
Let u = 13 + -7. Let v = -4 + u. What is the greatest common divisor of 6 and v?
2
Let d be ((-2)/(-4))/(-4 + (-4326)/(-1080)). What is the highest common factor of d and 10?
10
Let t(m) = m + 39. Let q be (-1 - (1 + -1))*-2. Let g be 5/((-5)/2) + q. Let r be t(g). What is the highest common divisor of 26 and r?
13
Let n be (1/2)/((-2)/(-200)). What is the greatest common factor of 25 and n?
25
Let g(z) = -z - 3. Let f be g(-7). Let t be 2*(3/3 - -3). Suppose -i = v, -4*v - 6 = -t*v + 2*i. Calculate the highest common factor of v and f.
1
Suppose -5*r + 6*r = 1. Suppose 2*c - r = 1. What is the greatest common divisor of 7 and c?
1
Suppose -5*i + 222 + 48 = 0. Calculate the greatest common factor of i and 6.
6
Suppose 5*i = 5*z + 4*i - 125, 2*z + 4*i - 50 = 0. What is the highest common divisor of z and 175?
25
Let s(f) = 2*f**2 + 11*f + 12. Let z(c) = -5*c**2 - 22*c - 25. Let u(b) = -7*s(b) - 3*z(b). Let m be u(12). What is the greatest common divisor of 3 and m?
3
Let a = -140 - -180. Calculate the greatest common divisor of a and 30.
10
Suppose 2*o = x - 23, 4*o + 0*x = x - 45. Let d = 16 + o. What is the highest common factor of 55 and d?
5
Let i be (90/20)/((-2)/(-4)). Calculate the highest common factor of i and 18.
9
Let g(f) = 133*f - 1. Let k be g(1). Calculate the greatest common factor of k and 33.
33
Let x(g) = -g + 4. Let c be x(4). Let p be (30 - c/(-1)) + 0. Suppose -2*n - 3*n + 71 = -2*r, 2*r = -2*n + 34. Calculate the greatest common factor of n and p.
15
Suppose -4*p + 4*z + 241 = -23, 0 = -2*p - z + 123. Calculate the highest common factor of p and 9.
9
Let j(h) = -6*h + 10. Let t be j(-7). Suppose -4*q + 16 = 2*a - t, 2*q + 10 = 0. Calculate the highest common divisor of a and 4.
4
Let c(v) = -5*v - 11. Let o be c(-7). Suppose -3*h + 2*h = -16. What is the highest common factor of h and o?
8
Suppose -q = -3 - 9. Suppose -c + 2*m - 6 + 0 = 0, 3*c - 4*m = -q. Suppose c*d = -d - 4*u - 2, -5*d = 2*u - 44. What is the highest common factor of 10 and d?
10
Let s be 253/4 - (-3)/(-12). Suppose -3*x + 17 = 4*y, -y + 5 = -5*x - 5. Suppose 0 = 2*p - y*p + 21. Calculate the greatest common divisor of s and p.
7
Suppose 0*s - s - 4 = 0, 4*f - 2*s - 20 = 0. Let g be (3/(-4))/(8/32). Let q be 33/f + 0/g. Calculate the greatest common factor of 22 and q.
11
Let o be 1/(-3) - 10/(-3). What is the greatest common divisor of 12 and o?
3
Let w(q) = -5*q**3 + 4*q**2 + 3*q. Let d be w(-3). Suppose d = -2*k + 5*k. What is the greatest common factor of 9 and k?
9
Suppose 0 = 2*a + 7 - 27. Suppose 0 = 2*r - 7*r + a. Let i = 24 - 16. Calculate the highest common factor of i and r.
2
Suppose 5*